greatest common divisor of a and 36.
4
Suppose 4*t - t - 360 = 0. Let d = -28 + 52. Calculate the greatest common divisor of d and t.
24
Suppose -2*f + 5 = 1. Let i be f/13 + (-128)/(-13). What is the highest common factor of i and 15?
5
Suppose -5*l = 5*b - 365, 2*l - 2*b + 286 = 6*l. Calculate the highest common divisor of l and 175.
35
Suppose 32*a - 355 = 989. Calculate the greatest common factor of 9 and a.
3
Let k(f) = -16*f - 1. Let b be k(-6). Let i(x) = -x**3 + 5*x**2 + 5*x - 2. Let a be i(5). Suppose z - 15 = a. What is the highest common divisor of z and b?
19
Let a be -4 - (2 + 1892/(-2)). Calculate the highest common factor of 20 and a.
20
Suppose -4*u = -8*u + 12. Let x(s) = 4 - 2*s + u*s**2 - 2*s**2 - 3. Let n be x(4). What is the greatest common divisor of n and 99?
9
Let w be 1/(-4) - 106/(-8). Let k = -32 + 41. Suppose -65 = -10*z + k*z. Calculate the highest common divisor of w and z.
13
Let p = -70 + 80. Let i = 2 - 4. Let n(d) = -d**3 + 2*d**2 + d + 1. Let v be n(i). What is the greatest common factor of p and v?
5
Suppose -350 - 2002 = -8*v. Calculate the highest common divisor of 7 and v.
7
Let q = -692 - -1092. What is the highest common divisor of q and 50?
50
Let c(k) = k**3 + 10*k**2 - 4*k + 7. Let w be c(-10). Let d = -32 + w. Calculate the greatest common divisor of 30 and d.
15
Let t = -848 - -868. Let z(y) = y. Let w(i) = -i. Let j(o) = -4*w(o) - 3*z(o). Let r be j(5). Calculate the highest common divisor of t and r.
5
Suppose 4*g - 12 = 0, 3*g - 348 = -3*s + 5*g. Calculate the greatest common factor of 826 and s.
118
Let b(w) = -w**2 + 11*w + 6. Let a be b(7). Suppose 3*z - x - 32 = -3*x, -3*z + a = 4*x. What is the highest common factor of 2 and z?
2
Let s be 0 - ((-325 - -67) + 5*1). Calculate the highest common divisor of 55 and s.
11
Suppose -5*r = -3*x - 25, -r - 4*x + x = 13. Suppose d = 6 + 1. Suppose -3*s - 2*a = -16, -r*a + d = 2*s - 1. What is the highest common factor of 64 and s?
8
Let c = 11 - 5. Suppose -d - 45 = -c*d. Let s be (-402)/(-8) - d/36. What is the greatest common divisor of s and 20?
10
Let n be 980/(-21)*(26 + -29). What is the greatest common factor of 640 and n?
20
Let n(a) = 2*a - 4*a - a + 9*a. Suppose -2*s + 6 = s. Let m be n(s). Calculate the highest common factor of m and 120.
12
Suppose -3*y - 9 = 2*z + z, 3*y - 4*z = 5. Let f(q) = -134*q + 1. Let s be f(y). Suppose 1 + 29 = 2*m. What is the greatest common factor of m and s?
15
Let r be -1 - (1 - 26/1). Let o be (-108)/(-45)*(-10)/(-4). Suppose o = 6*f - 42. What is the highest common factor of r and f?
8
Suppose 19*a = 12*a + 273. Calculate the greatest common divisor of 468 and a.
39
Let m be 12*(-4 - (-6)/3)/(-2). Calculate the highest common factor of 66 and m.
6
Let s = 258 - 158. What is the greatest common divisor of s and 25?
25
Suppose -5*l + 303 = -r, -2*r + 6*r = -2*l + 108. Let k = -4 - -4. Suppose -2*o + 17 + 63 = k. What is the highest common factor of l and o?
20
Let r(t) = -105*t + 1256. Let d be r(8). Calculate the highest common divisor of 224 and d.
32
Suppose 11 + 217 = 3*m. Let s = 106 - m. Let r(v) = -v**2 - 5*v + 46. Let u be r(-9). What is the greatest common factor of s and u?
10
Suppose -4*x + 452 = 2*j + 3*j, -2*x - 4 = 0. What is the greatest common factor of 23 and j?
23
Suppose 4*g = -3*i + 93, -6*i + 114 = 5*g - 3*i. Calculate the greatest common divisor of 168 and g.
21
Let h = 3229 + -1513. Calculate the highest common factor of 132 and h.
132
Let z = 124 + -116. Suppose 0 = -4*n + 32 - 4. Suppose -i + z = -n. What is the highest common factor of 45 and i?
15
Suppose 4 = -2*f, -5*w - 4*f = f + 760. Let p be ((-9)/60 - 2/8)*w. What is the highest common divisor of 24 and p?
12
Let d be (804/15)/(6/15). Let n = d + -62. Suppose -3*c - 5*o = -44, -c - 4*o + 12 = -12. What is the greatest common divisor of c and n?
8
Let x(w) be the third derivative of w**4/3 + 17*w**3/6 - 10*w**2. Let c be x(6). Calculate the highest common factor of c and 13.
13
Suppose -3*u + 3*r = -3, 3*u - 7 = -5*r + 4. Let q be -32*(0 - u)/2. Let v = 29 + 51. Calculate the highest common factor of q and v.
16
Let m be (-7)/((-7)/(-4)) + -4. Let u be (-237)/(-27) + m/(-36). Calculate the highest common factor of u and 3.
3
Suppose -3*k - 4*c + 20 = 0, -2*k - k - 2*c + 22 = 0. Calculate the greatest common divisor of k and 512.
8
Let h = 403 + -355. Calculate the greatest common divisor of 216 and h.
24
Let x = -10 - -16. Let a be (-66)/(-88) - 66/(-8). Calculate the highest common factor of x and a.
3
Let g(k) = 13*k**2 + 2*k - 7. Let v = -59 - -56. Let x be g(v). What is the highest common factor of x and 13?
13
Let x = -780 - -828. Let f(q) = -2*q**3 + q**2 + q - 1. Let m be f(1). Let y be -1 + 0 - -32 - m. What is the greatest common factor of x and y?
16
Let b be (-321)/(-21) + -6 + 4/(-14). Let j(a) = -a + 7. Let o be j(8). Let n = 8 - o. Calculate the highest common factor of b and n.
9
Let o(m) = 5 + 26*m**3 - 4*m**2 + 21*m**3 - 48*m**3. Let b be o(-5). Calculate the highest common divisor of b and 210.
30
Let b be 2 - 6*(-3)/1. Let i(a) = -a**3 + 21*a**2 - 10*a - 35. Let m be i(b). What is the greatest common divisor of m and 33?
33
Suppose 2*s - 32 = -5*m, 34*m - 32*m = 0. Calculate the greatest common divisor of s and 104.
8
Suppose -5*h = 3*t - 438, 0*t = -h + 2*t + 85. Let p = 97 - h. Calculate the highest common factor of 30 and p.
10
Let r = -2 - -27. Let z = -9 - -19. What is the highest common factor of z and r?
5
Let o(i) = i**3 + 16*i**2 + 26*i - 16. Suppose -14*t + 9*t = 60. Let f be o(t). What is the highest common divisor of 31 and f?
31
Let c be -39*2/4*-2. Suppose c = -0*a + a. Suppose 2*k + 3*k - 65 = 0. Calculate the highest common divisor of a and k.
13
Let m = 15 - 10. Suppose -342 = -b - 2*b + 3*n, 3*b - 326 = -m*n. Calculate the greatest common factor of b and 16.
16
Let z = 1165 - 745. Calculate the highest common divisor of z and 84.
84
Suppose -4*p = 3*c - 19, p - 2*c + 3*c - 4 = 0. Calculate the highest common factor of 91 and p.
7
Let c be 9 - (-1)/((-2)/4). Let w be ((-5)/10 - 1)*-22. Let i = w + -26. What is the highest common divisor of i and c?
7
Suppose -4*w + 0 = -s - 6, -6 = s - w. Let u be 21/(-14)*2/(-1)*12. Let m = u + s. What is the greatest common factor of 10 and m?
10
Let i(y) = -y**2 - 9*y + 12. Let s(w) = -3*w**2 - 26*w + 36. Let t(f) = 17*i(f) - 6*s(f). Let n be t(-6). Calculate the greatest common factor of 15 and n.
3
Let t be 109 - (1 + -2)*-1. Let b = 2595 + -2541. Calculate the greatest common divisor of t and b.
54
Suppose 5*n - 8 = -3. Let z = 12 + -7. What is the highest common factor of z and n?
1
Let x(q) = 2*q**2 + 3*q + 57. Let s be x(0). Calculate the greatest common factor of 95 and s.
19
Let j be -4 + (183 - (-3 + 3)). Suppose 4*h + 4*r - j = -h, -2*h - r = -74. Calculate the highest common factor of h and 351.
39
Let t = 151 + -102. Calculate the highest common divisor of 2 and t.
1
Suppose 32*m - 27*m - 140 = 0. What is the highest common divisor of 4 and m?
4
Let m(w) = 6*w - 53. Let x be m(10). Suppose -p - 2 = -x, -2*z + 3*p - 5 = 0. Calculate the highest common divisor of z and 15.
5
Let z(k) = k**2 + 1. Let g be z(0). Let r(i) = -5*i + 43. Let l = 39 - 32. Let h be r(l). Calculate the greatest common divisor of g and h.
1
Let l be (-8 + -4 + 0)*-1. Let n = l + 0. What is the greatest common divisor of n and 18?
6
Let l(o) = -3*o**3 - 2*o**2 + 2. Let n be l(-1). Suppose 2*t = -n*p + 44 + 171, -4*p = 3*t - 320. What is the highest common factor of t and 40?
20
Suppose 2*p - 5 = -3*t, -p + 2*t + 16 = 3. Suppose -2*l = -4*x - 0*x + 50, 0 = 3*x - 5*l - 27. Calculate the highest common divisor of p and x.
7
Let g be (-2)/(-2) - 88/(-2). Suppose -2*t - 2*t - 5*o + g = 0, 0 = -2*t + 5*o + 15. Let n = 69 - 54. Calculate the highest common divisor of t and n.
5
Suppose -11*a + 8*a + 120 = 0. Let p be a*1 + -2 + -2. Suppose 0*b = 6*b - p. Calculate the highest common factor of 66 and b.
6
Let y(d) = d**2 - d - 2. Let k be y(0). Suppose -3*j - z + 0 = 3, 0 = -5*z. Let v be -2*(k - (1 + j)). What is the highest common divisor of v and 36?
4
Let a(k) = -31*k - 2. Let y be a(-2). Let v(i) = 21*i + 237. Let x be v(-7). What is the highest common factor of y and x?
3